7862665?
False
Is 147 a factor of 146814780?
True
Is 5939770716 a multiple of 18?
True
Is 31816513 a multiple of 226?
False
Does 1280 divide 33091840?
True
Is 77829443 a multiple of 960?
False
Does 7042 divide 1497305382?
False
Is 210 a factor of 245158333?
False
Is 6347 a factor of 836674234?
True
Is 663484946 a multiple of 12?
False
Is 23 a factor of 17751849?
False
Does 21 divide 82197538?
False
Is 161410541 a multiple of 1655?
False
Does 389 divide 27750482?
True
Does 314 divide 673364?
False
Does 56 divide 171729544?
True
Is 1360 a factor of 12837436?
False
Is 135 a factor of 47686849?
False
Is 337 a factor of 78793633?
True
Does 65 divide 122687795?
False
Is 536 a factor of 123401777?
False
Does 1434 divide 33135114?
False
Is 120 a factor of 312093420?
False
Does 3329 divide 68434253?
True
Is 16 a factor of 88688507?
False
Does 640 divide 1426869120?
True
Is 86571672 a multiple of 24?
True
Is 1063 a factor of 301121325?
True
Is 8514894494 a multiple of 507?
False
Is 1745575780 a multiple of 895?
True
Is 20 a factor of 227828057?
False
Is 14653656 a multiple of 1074?
True
Does 444 divide 17168303?
False
Is 347 a factor of 7689310?
False
Does 23 divide 7557087?
True
Is 47 a factor of 1576429471?
False
Is 4388768551 a multiple of 10247?
False
Is 29028105 a multiple of 306?
False
Is 311014458 a multiple of 54?
True
Is 178 a factor of 191560218?
True
Is 135199459 a multiple of 14?
False
Does 176 divide 151069600?
True
Is 279 a factor of 1095066630?
True
Is 1002003840 a multiple of 657?
True
Is 4 a factor of 9223125?
False
Is 667 a factor of 74137668?
False
Is 72947526 a multiple of 311?
False
Does 30 divide 393689738?
False
Is 86192410 a multiple of 605?
False
Is 3436744780 a multiple of 4490?
True
Is 103085261 a multiple of 15?
False
Does 64 divide 19161258?
False
Is 2050 a factor of 137007650?
True
Is 67 a factor of 473641?
False
Is 75 a factor of 20580525?
True
Is 11494334 a multiple of 31?
False
Is 92886063 a multiple of 129?
True
Does 6 divide 135007995?
False
Does 23 divide 511318520?
True
Is 41 a factor of 1026271?
True
Is 30979249 a multiple of 259?
True
Is 52815549 a multiple of 929?
False
Does 4 divide 362810476?
True
Does 1287 divide 11160864?
True
Is 67 a factor of 1888431448?
True
Is 232 a factor of 3618504?
True
Does 19 divide 64418759?
True
Is 38536854 a multiple of 124?
False
Does 519 divide 3848990?
False
Is 72272060 a multiple of 14?
True
Is 126356779 a multiple of 26?
False
Does 9 divide 2632894691?
False
Is 4042731 a multiple of 15?
False
Is 3030525 a multiple of 5?
True
Is 39529713 a multiple of 93?
False
Is 244 a factor of 681146398?
False
Is 6320160 a multiple of 1197?
True
Does 24 divide 57653520?
True
Is 882803 a multiple of 3?
False
Is 843389820 a multiple of 8190?
True
Does 22 divide 39703216?
False
Is 21835176 a multiple of 8?
True
Does 141 divide 286163952?
False
Is 68523764 a multiple of 1888?
False
Is 140 a factor of 14199080?
True
Is 33 a factor of 491677744?
False
Is 29843007 a multiple of 289?
True
Is 505679 a multiple of 15?
False
Is 284799372 a multiple of 1534?
True
Does 18 divide 36817210?
False
Does 719 divide 64390045?
True
Is 944244025 a multiple of 5?
True
Is 167 a factor of 287277742?
True
Does 567 divide 666866690?
False
Does 18 divide 3800027?
False
Is 1668 a factor of 573750300?
True
Is 3341 a factor of 99394750?
True
Does 892 divide 109410044?
True
Does 73 divide 2508032019?
True
Is 393 a factor of 30721940?
False
Is 16 a factor of 1702976384?
True
Is 709495870 a multiple of 659?
False
Does 578 divide 360456406?
True
Is 232 a factor of 5990344632?
True
Does 1160 divide 166912832?
False
Does 153 divide 178292033?
False
Is 53797449 a multiple of 201?
True
Does 3 divide 8013306?
True
Is 43 a factor of 157798562?
True
Does 364 divide 2698268664?
True
Is 17933701 a multiple of 730?
False
Is 26 a factor of 17309916?
True
Is 48 a factor of 51991344?
True
Does 29 divide 21972517?
True
Is 1933125264 a multiple of 3888?
True
Is 76 a factor of 40843070?
False
Is 433 a factor of 45746537?
False
Is 107138941 a multiple of 13?
True
Does 2 divide 1325851?
False
Does 1747 divide 1725408827?
True
Is 52 a factor of 28128204?
True
Is 413610 a multiple of 5?
True
Does 128 divide 1118943?
False
Does 2263 divide 96607470?
True
Is 331 a factor of 314616983?
False
Does 2742 divide 361801286?
False
Is 1400308121 a multiple of 44?
False
Is 272096067 a multiple of 604?
False
Does 723 divide 59596890?
True
Is 15 a factor of 7385188445?
False
Does 1235 divide 550078885?
False
Is 130863809 a multiple of 58?
False
Does 2022 divide 46346262?
True
Does 3460 divide 33212540?
True
Is 143145134 a multiple of 22?
True
Does 33 divide 263293441?
False
Is 199525548 a multiple of 23?
False
Is 10 a factor of 43308400?
True
Is 31375686 a multiple of 453?
True
Is 428 a factor of 14285531?
False
Is 235 a factor of 99005500?
True
Is 25808916 a multiple of 2983?
True
Is 114 a factor of 784183656?
True
Is 1283412190 a multiple of 437?
True
Is 390 a factor of 1536688106?
False
Does 1314 divide 69461687?
False
Is 16971035 a multiple of 2107?
False
Is 8 a factor of 243038592?
True
Does 5132 divide 289357556?
True
Is 428073660 a multiple of 9?
True
Is 10066948 a multiple of 4?
True
Does 140 divide 29909600?
True
Does 2337 divide 201538176?
False
Is 692446989 a multiple of 1473?
True
Does 171 divide 58601369?
False
Does 12317 divide 3097451921?
False
Does 828 divide 63742245?
False
Is 438 a factor of 979443467?
False
Is 1423 a factor of 320416910?
True
Is 2614 a factor of 472185118?
True
Is 278826792 a multiple of 1382?
True
Is 388478978 a multiple of 38?
True
Does 41 divide 757885?
True
Is 71 a factor of 62835?
True
Is 642882 a multiple of 7?
False
Is 19582712 a multiple of 856?
True
Is 299180960 a multiple of 80?
True
Is 109084287 a multiple of 39?
True
Is 348254600 a multiple of 3285?
False
Is 101 a factor of 358152625?
False
Is 316424555 a multiple of 29?
False
Is 9 a factor of 22211317?
False
Is 147 a factor of 124967063?
False
Is 7 a factor of 21704235?
True
Is 287 a factor of 23839942?
True
Is 49 a factor of 159527580?
False
Is 35571803 a multiple of 191?
False
Is 1212548262 a multiple of 9?
False
Does 150 divide 90229500?
True
Is 35270654 a multiple of 4?
False
Does 310 divide 3109610?
True
Is 4 a factor of 54744084?
True
Is 126 a factor of 41238234?
False
Does 721 divide 1189592947?
False
Is 719 a factor of 156142354?
True
Is 12 a factor of 364719?
False
Is 1300 a factor of 2622946300?
True
Is 736 a factor of 852542501?
False
Is 7465792794 a multiple of 34?
True
Does 11 divide 150899697?
False
Is 311179554 a multiple of 256?
False
Does 12 divide 32834472?
True
Is 244 a factor of 1189256?
True
Is 25573969 a multiple of 254?
False
Is 479 a factor of 467247735?
True
Is 35 a factor of 12355086?
False
Is 10443309 a multiple of 83?
True
Does 641 divide 1923386906?
False
Is 179 a factor of 139378195?
False
Is 104072222 a multiple of 277?
False
Is 53933740 a multiple of 140?
True
Is 37347505 a multiple of 1885?
True
Is 899122048 a multiple of 1408?
True
Does 5694 divide 992589468?
True
Does 8 divide 11404304?
True
Is 443 a factor of 66861104?
True
Does 617 divide 48669889?
False
Does 5 divide 170224744?
False
Is 211200072 a multiple of 360?
False
Does 28 divide 3437871276?
True
Is 1970615323 a multiple of 5429?
False
Is 1696752220 a multiple of 134?
True
Is 967350225 a multiple of 31?
False
Does 85 divide 70964120?
True
Does 14 divide 54325817?
False
Does 18 divide 519705018?
True
Is 65 a factor of 104546845?
True
Is 11 a factor of 185610546?
True
Is 15 a factor of 170135522?
False
Does 807 divide 8947209?
True
Is 18231523 a multiple of 2?
False
Is 139966708 a multiple of 4676?
True
Is 77343466 a multiple of 248?
False
Is 54673017 a multiple of 2?
False
Does 11 divide 1838700403?
False
Is 36657915 a multiple of 127?
True
Does 6 divide 76256706?
True
Does 501 divide 101739573?
True
Is 17 a factor of 968568285?
True
Does 302 divide 925431284?
True
Is 2202021390 a multiple of 15?
True
Does 118 divide 27929554?
False
Is 1154 a factor of 411996464?
True
Does 378 divide 19547136?
True
Is 31 a factor of 122783746?
True
Is 143 a factor of 250769356?
False
Is 24 a factor of 12158543?
False
Does 1155 divide 17727790?
False
Is 276 a factor of 50397355?
